{"id":975,"date":"2013-11-06T11:37:08","date_gmt":"2013-11-06T10:37:08","guid":{"rendered":"https:\/\/www.unterstroemt.de\/?page_id=975"},"modified":"2025-05-22T09:13:45","modified_gmt":"2025-05-22T07:13:45","slug":"empfohlene-quellen","status":"publish","type":"page","link":"https:\/\/www.unterstroemt.de\/?page_id=975","title":{"rendered":"Empfehlenswertes"},"content":{"rendered":"<h2>Websites<\/h2>\n<p>Es gibt etliche gute Quellen im Internet, die Informationen bieten, die man in den Mainstream-Medien nicht unbedingt pr\u00e4sentiert bekommt. Wir stellen hier einige davon vor, die wir selbst gern nutzen.<\/p>\n<p><strong><a title=\"netzpolitik.org | Politik in der digitalen Gesellschaft.\" href=\"http:\/\/netzpolitik.org\" target=\"_blank\" rel=\"noopener noreferrer\">Netzpolitik<\/a>:<\/strong>\u00a0Seit 2004 wird hier ein (laut eigenen Worten)\u00a0<em>ein Blog und eine politische Plattform f\u00fcr Freiheit und Offenheit im digitalen Zeitalter<\/em> betrieben.<\/p>\n<p><strong><a href=\"https:\/\/digitalcourage.de\/\" target=\"_blank\" rel=\"noopener noreferrer\">digitalcourage<\/a>:<\/strong> Hier sammeln freiwillige Aktivisten seit 1987 Aktionen f\u00fcr den Datenschutz und die Grundrechte im digitalen Raum. Besonders hervorheben m\u00f6chte ich an dieser Stelle die Hilfe zur Selbsthilfe in Sachen <a href=\"https:\/\/digitalcourage.de\/digitale-selbstverteidigung\" target=\"_blank\" rel=\"noopener noreferrer\">Digitaler Selbstverteidigung<\/a>, die jeder zumindest einmal in Betracht gezogen haben sollte!<\/p>\n<p><strong><a href=\"http:\/\/www.heise.de\/tp\/\" target=\"_blank\" rel=\"noopener noreferrer\">Telepolis<\/a>:<\/strong>\u00a0von <em>heise online<\/em> betriebenes Portal mit zahlreichen kritischen Artikeln zu unterschiedlichsten Themen.<\/p>\n<p><strong><a title=\"Rettet den Regenwald e.V.\" href=\"http:\/\/www.regenwald.org\" target=\"_blank\" rel=\"noopener noreferrer\">Rettet den Regenwald e.V.<\/a>:<\/strong>\u00a0Die Regenw\u00e4lder sind weit weg, doch deren Erhalt ist nach meiner Meinung Grundvoraussetzung zum Erhalt des Lebens auf diesem Planeten. Deshalb m\u00f6chte ich auch diese Seite hier verlinken, um meinem Herzensanliegen Geh\u00f6r und durch weitere (kostenlose!) Mitglieder Gewicht zu verschaffen.<\/p>\n<p><strong><a href=\"https:\/\/makroskop.eu\" target=\"_blank\" rel=\"noopener noreferrer\">Makroskop<\/a>: <\/strong>Der \u00d6konom Heiner Flassbeck fungiert als Herausgeber dieser Webplattform, auf der sich kritische Analysen zu Politik und Wirtschaft finden von unterschiedlichsten Autoren. In der Regel sehr fundiert, aber durchaus auch mal etwas anspruchsvoller.<\/p>\n<p>&nbsp;<\/p>\n<h2>Vortr\u00e4ge<\/h2>\n<p>Im Rahmen von Vortr\u00e4gen und anderen \u00f6ffentlichen Veranstaltungen tragen engagierte Redner Informationen zusammen, die man sonst oft nur in H\u00e4ppchen serviert bekommt. Leider stehen die Videos all zu oft nur \u00fcber YouTube zur Verf\u00fcgung, doch der Inhalt ist das Entscheidende.<\/p>\n<p><strong><a href=\"https:\/\/www.youtube.com\/watch?v=MRrPbNLhEuQ\" target=\"_blank\" rel=\"noopener noreferrer\">Von der digitalen Demenz zur Smartphone-Pandemie<\/a><\/strong>\u00a0(86 min.)<br \/>\nKinder werden durch die Smartphone-Nutzung kurzsichtig, Facebook macht depressiv und in Deutschland muss ein Gesetz verabschieden werden, welches das Filmen von Sterbenden untersagt. Diese Fakten und eine Menge Informationen pr\u00e4sentierte Prof. Dr. Dr. Manfred Spitzer im Rahmen der RPP-Tagung in Wien Ende 2019 vor.<\/p>\n<div id=\"body-container\">\n<div id=\"page-container\">\n<div id=\"page\" class=\" watch video-hHKzAIL7g00 clearfix\">\n<div id=\"content\" class=\" content-alignment\" role=\"main\">\n<div id=\"watch7-container\">\n<div id=\"watch7-main-container\">\n<div id=\"watch7-main\" class=\"clearfix\">\n<div id=\"watch7-content\" class=\"watch-main-col \">\n<div id=\"action-panel-details\" class=\"action-panel-content yt-uix-expander yt-card yt-card-has-padding\" tabindex=\"0\">\n<div id=\"watch-description\" class=\"yt-uix-button-panel\">\n<div id=\"watch-description-content\">\n<div id=\"watch-description-clip\">\n<div id=\"watch-description-text\">\n<p id=\"eow-description\"><strong><a href=\"https:\/\/www.youtube.com\/watch?v=hHKzAIL7g00\" target=\"_blank\" rel=\"noopener noreferrer\">Einfach. Besser. Leben.<\/a><\/strong> (60 min.)<br \/>\nProf. Dr. Henning Austmann thematisierte in seinem Vortrag die Notwendigkeit eines kulturellen Wandels, auch jenseits der Wohn- und Baukultur. Technik und Politik haben in den vergangenen Jahren kaum nennenswerte Fortschritte &#8211; geschweige denn die notwendigen Erfolge &#8211; erzielen k\u00f6nnen. Es brauche daher ein Umdenken und einen kulturellen Wandel, damit der Klimawandel nicht die Existenz auf der Erde zerst\u00f6rt (Herbst 2018).<\/p>\n<\/div>\n<\/div>\n<\/div>\n<\/div>\n<\/div>\n<\/div>\n<\/div>\n<\/div>\n<\/div>\n<\/div>\n<\/div>\n<\/div>\n<\/div>\n<p>&nbsp;<\/p>\n","protected":false},"excerpt":{"rendered":"<p>Websites Es gibt etliche gute Quellen im Internet, die Informationen bieten, die man in den Mainstream-Medien nicht unbedingt pr\u00e4sentiert bekommt. Wir stellen hier einige davon vor, die wir selbst gern nutzen. Netzpolitik:\u00a0Seit 2004 wird hier ein (laut eigenen Worten)\u00a0ein Blog und eine politische Plattform f\u00fcr Freiheit und Offenheit im digitalen Zeitalter betrieben. digitalcourage: Hier sammeln [&hellip;]<\/p>\n","protected":false},"author":1,"featured_media":0,"parent":0,"menu_order":20,"comment_status":"open","ping_status":"closed","template":"","meta":{"footnotes":""},"class_list":["post-975","page","type-page","status-publish","hentry"],"_links":{"self":[{"href":"https:\/\/www.unterstroemt.de\/index.php?rest_route=\/wp\/v2\/pages\/975","targetHints":{"allow":["GET"]}}],"collection":[{"href":"https:\/\/www.unterstroemt.de\/index.php?rest_route=\/wp\/v2\/pages"}],"about":[{"href":"https:\/\/www.unterstroemt.de\/index.php?rest_route=\/wp\/v2\/types\/page"}],"author":[{"embeddable":true,"href":"https:\/\/www.unterstroemt.de\/index.php?rest_route=\/wp\/v2\/users\/1"}],"replies":[{"embeddable":true,"href":"https:\/\/www.unterstroemt.de\/index.php?rest_route=%2Fwp%2Fv2%2Fcomments&post=975"}],"version-history":[{"count":54,"href":"https:\/\/www.unterstroemt.de\/index.php?rest_route=\/wp\/v2\/pages\/975\/revisions"}],"predecessor-version":[{"id":30704,"href":"https:\/\/www.unterstroemt.de\/index.php?rest_route=\/wp\/v2\/pages\/975\/revisions\/30704"}],"wp:attachment":[{"href":"https:\/\/www.unterstroemt.de\/index.php?rest_route=%2Fwp%2Fv2%2Fmedia&parent=975"}],"curies":[{"name":"wp","href":"https:\/\/api.w.org\/{rel}","templated":true}]}}

<h2>Websites</h2>
<p>Es gibt etliche gute Quellen im Internet, die Informationen bieten, die man in den Mainstream-Medien nicht unbedingt präsentiert bekommt. Wir stellen hier einige davon vor, die wir selbst gern nutzen.</p>
<p><strong><a title="netzpolitik.org | Politik in der digitalen Gesellschaft." href="http://netzpolitik.org" target="_blank" rel="noopener noreferrer">Netzpolitik</a>:</strong> Seit 2004 wird hier ein (laut eigenen Worten) <em>ein Blog und eine politische Plattform für Freiheit und Offenheit im digitalen Zeitalter</em> betrieben.</p>
<p><strong><a href="https://digitalcourage.de/" target="_blank" rel="noopener noreferrer">digitalcourage</a>:</strong> Hier sammeln freiwillige Aktivisten seit 1987 Aktionen für den Datenschutz und die Grundrechte im digitalen Raum. Besonders hervorheben möchte ich an dieser Stelle die Hilfe zur Selbsthilfe in Sachen <a href="https://digitalcourage.de/digitale-selbstverteidigung" target="_blank" rel="noopener noreferrer">Digitaler Selbstverteidigung</a>, die jeder zumindest einmal in Betracht gezogen haben sollte!</p>
<p><strong><a href="http://www.heise.de/tp/" target="_blank" rel="noopener noreferrer">Telepolis</a>:</strong> von <em>heise online</em> betriebenes Portal mit zahlreichen kritischen Artikeln zu unterschiedlichsten Themen.</p>
<p><strong><a title="Rettet den Regenwald e.V." href="http://www.regenwald.org" target="_blank" rel="noopener noreferrer">Rettet den Regenwald e.V.</a>:</strong> Die Regenwälder sind weit weg, doch deren Erhalt ist nach meiner Meinung Grundvoraussetzung zum Erhalt des Lebens auf diesem Planeten. Deshalb möchte ich auch diese Seite hier verlinken, um meinem Herzensanliegen Gehör und durch weitere (kostenlose!) Mitglieder Gewicht zu verschaffen.</p>
<p><strong><a href="https://makroskop.eu" target="_blank" rel="noopener noreferrer">Makroskop</a>: </strong>Der Ökonom Heiner Flassbeck fungiert als Herausgeber dieser Webplattform, auf der sich kritische Analysen zu Politik und Wirtschaft finden von unterschiedlichsten Autoren. In der Regel sehr fundiert, aber durchaus auch mal etwas anspruchsvoller.</p>
<p>&nbsp;</p>
<h2>Vorträge</h2>
<p>Im Rahmen von Vorträgen und anderen öffentlichen Veranstaltungen tragen engagierte Redner Informationen zusammen, die man sonst oft nur in Häppchen serviert bekommt. Leider stehen die Videos all zu oft nur über YouTube zur Verfügung, doch der Inhalt ist das Entscheidende.</p>
<p><strong><a href="https://www.youtube.com/watch?v=MRrPbNLhEuQ" target="_blank" rel="noopener noreferrer">Von der digitalen Demenz zur Smartphone-Pandemie</a></strong> (86 min.)<br />
Kinder werden durch die Smartphone-Nutzung kurzsichtig, Facebook macht depressiv und in Deutschland muss ein Gesetz verabschieden werden, welches das Filmen von Sterbenden untersagt. Diese Fakten und eine Menge Informationen präsentierte Prof. Dr. Dr. Manfred Spitzer im Rahmen der RPP-Tagung in Wien Ende 2019 vor.</p>
<div id="body-container">
<div id="page-container">
<div id="page" class=" watch video-hHKzAIL7g00 clearfix">
<div id="content" class=" content-alignment" role="main">
<div id="watch7-container">
<div id="watch7-main-container">
<div id="watch7-main" class="clearfix">
<div id="watch7-content" class="watch-main-col ">
<div id="action-panel-details" class="action-panel-content yt-uix-expander yt-card yt-card-has-padding" tabindex="0">
<div id="watch-description" class="yt-uix-button-panel">
<div id="watch-description-content">
<div id="watch-description-clip">
<div id="watch-description-text">
<p id="eow-description"><strong><a href="https://www.youtube.com/watch?v=hHKzAIL7g00" target="_blank" rel="noopener noreferrer">Einfach. Besser. Leben.</a></strong> (60 min.)<br />
Prof. Dr. Henning Austmann thematisierte in seinem Vortrag die Notwendigkeit eines kulturellen Wandels, auch jenseits der Wohn- und Baukultur. Technik und Politik haben in den vergangenen Jahren kaum nennenswerte Fortschritte &#8211; geschweige denn die notwendigen Erfolge &#8211; erzielen können. Es brauche daher ein Umdenken und einen kulturellen Wandel, damit der Klimawandel nicht die Existenz auf der Erde zerstört (Herbst 2018).</p>
</div>
</div>
</div>
</div>
</div>
</div>
</div>
</div>
</div>
</div>
</div>
</div>
</div>
<p>&nbsp;</p>

<p>Websites Es gibt etliche gute Quellen im Internet, die Informationen bieten, die man in den Mainstream-Medien nicht unbedingt präsentiert bekommt. Wir stellen hier einige davon vor, die wir selbst gern nutzen. Netzpolitik: Seit 2004 wird hier ein (laut eigenen Worten) ein Blog und eine politische Plattform für Freiheit und Offenheit im digitalen Zeitalter betrieben. digitalcourage: Hier sammeln [&hellip;]</p>
